{"id":8,"date":"2024-06-28T05:00:26","date_gmt":"2024-06-28T05:00:26","guid":{"rendered":"http:\/\/www.mariagan.com\/?page_id=8"},"modified":"2024-06-28T23:26:34","modified_gmt":"2024-06-28T23:26:34","slug":"inicio","status":"publish","type":"page","link":"https:\/\/www.mariagan.com\/","title":{"rendered":"Inicio"},"content":{"rendered":"\n<p class=\"has-text-align-left has-black-color has-text-color has-link-color wp-elements-f4e37650aeb41d464d9fe4942d23859e\">Mar\u00eda Gan es una peluquer\u00eda UNISEX, con 25 a\u00f1os de experiencia.<\/p>\n\n\n\n<p class=\"has-text-align-left has-black-color has-text-color has-link-color wp-elements-7f9a7a18f8e0d7a3918de623023f9b4b\">Mar\u00eda Gan le ofrece un servicio de corte, peinado, tinte, mechas y distintos tratamientos m\u00e1s espec\u00edficos como queratina o alisado japon\u00e9s.<\/p>\n\n\n\n<p class=\"has-text-align-left has-black-color has-text-color has-link-color wp-elements-ab092c96e81121dc6fa95ca57129fc5e\">Mar\u00eda Gan es una profesional, titulada en Espa\u00f1a, con una dilatada experiencia en el mundo de la peluquer\u00eda. Su especializaci\u00f3n en el alisado japon\u00e9s le han convertido en una referencia en dicha t\u00e9cnica.<\/p>\n\n\n\n<p class=\"has-text-align-left has-black-color has-text-color has-link-color wp-elements-5ab5222a6f32347720f7d840b4fe8143\">En 2014, decidi\u00f3 alejarse del Centro de Madrid y abri\u00f3 su nuevo sal\u00f3n cerca de la Casa de Campo, m\u00e1s \u00edntimo, m\u00e1s tranquilo, m\u00e1s accesible tambi\u00e9n para los clientes que acceden a la capital en coche y temen los atascos, las restricciones y lo prohibitivo de los aparcamientos.<\/p>\n\n\n\n<p class=\"has-text-align-left has-black-color has-text-color has-link-color wp-elements-a96d4d09e8a3ee314b3cccb988b26426\">Esta tranquilidad le proporciona la paz y la concentraci\u00f3n necesarias en el desempe\u00f1o de su labor, sin prisas, sin estridencias, sin precipitaciones.<\/p>\n\n\n\n<p class=\"has-text-align-left has-black-color has-text-color has-link-color wp-elements-67623645724d6ca7830a5fc628e32136\">Si quieres saber qu\u00e9 opinan de nosotros, lee los comentarios publicados en Google.<\/p>\n\n\n\n<figure class=\"wp-block-image size-full is-resized\"><a href=\"https:\/\/www.google.com\/search?safe=active&amp;sxsrf=ALeKk03P0Rz4iG7f6zLSSZqPK6QZFQBzRA%3A1603821448138&amp;ei=iF-YX5_kB8nAgweAnrDQAg&amp;q=peluquer%C3%ADa+mar%C3%ADa+gan&amp;oq=peluquer%C3%ADa+mar%C3%ADa+gan&amp;gs_lcp=CgZwc3ktYWIQDDIECCMQJzIECCMQJzICCAAyBggAEBYQHjIGCAAQFhAeUNZrWNZrYPV7aABwAHgAgAGOAYgBlgKSAQMwLjKYAQCgAQGqAQdnd3Mtd2l6wAEB&amp;sclient=psy-ab&amp;ved=0ahUKEwifyMu9rNXsAhVJ4OAKHQAPDCoQ4dUDCA0#lrd=0xd422864b8fc4e35:0x9d6fcd1ade627503,1\"><img loading=\"lazy\" decoding=\"async\" width=\"400\" height=\"251\" src=\"http:\/\/www.mariagan.com\/wp-content\/uploads\/2024\/06\/google-resenas-paginas-web.png\" alt=\"\" class=\"wp-image-30\" style=\"width:193px;height:auto\" srcset=\"https:\/\/www.mariagan.com\/wp-content\/uploads\/2024\/06\/google-resenas-paginas-web.png 400w, https:\/\/www.mariagan.com\/wp-content\/uploads\/2024\/06\/google-resenas-paginas-web-300x188.png 300w\" sizes=\"(max-width: 400px) 100vw, 400px\" \/><\/a><\/figure>\n","protected":false},"excerpt":{"rendered":"<p>Mar\u00eda Gan es una peluquer\u00eda UNISEX, con 25 a\u00f1os de experiencia. Mar\u00eda Gan le ofrece un servicio de corte, peinado, tinte, mechas y distintos tratamientos m\u00e1s espec\u00edficos como queratina o alisado japon\u00e9s. Mar\u00eda Gan es una profesional, titulada en Espa\u00f1a, con una dilatada experiencia en el mundo de la peluquer\u00eda. Su especializaci\u00f3n en el alisado [&hellip;]<\/p>\n","protected":false},"author":1,"featured_media":0,"parent":0,"menu_order":0,"comment_status":"closed","ping_status":"closed","template":"","meta":{"footnotes":""},"_links":{"self":[{"href":"https:\/\/www.mariagan.com\/index.php?rest_route=\/wp\/v2\/pages\/8"}],"collection":[{"href":"https:\/\/www.mariagan.com\/index.php?rest_route=\/wp\/v2\/pages"}],"about":[{"href":"https:\/\/www.mariagan.com\/index.php?rest_route=\/wp\/v2\/types\/page"}],"author":[{"embeddable":true,"href":"https:\/\/www.mariagan.com\/index.php?rest_route=\/wp\/v2\/users\/1"}],"replies":[{"embeddable":true,"href":"https:\/\/www.mariagan.com\/index.php?rest_route=%2Fwp%2Fv2%2Fcomments&post=8"}],"version-history":[{"count":7,"href":"https:\/\/www.mariagan.com\/index.php?rest_route=\/wp\/v2\/pages\/8\/revisions"}],"predecessor-version":[{"id":35,"href":"https:\/\/www.mariagan.com\/index.php?rest_route=\/wp\/v2\/pages\/8\/revisions\/35"}],"wp:attachment":[{"href":"https:\/\/www.mariagan.com\/index.php?rest_route=%2Fwp%2Fv2%2Fmedia&parent=8"}],"curies":[{"name":"wp","href":"https:\/\/api.w.org\/{rel}","templated":true}]}}